+ 77 - 73) + 19?
-19
-1 - -1 - ((-3 - -1) + 1) - -5
6
What is the value of 12 - (55 - 29 - 11)?
-3
What is (1 - (0 - -1)) + -3 + 30 + -31?
-4
Calculate -1 - (-16 + 19) - -27.
23
Calculate -9 - ((3 - 1) + 7 + -6 + 2).
-14
Evaluate (1 + -2 - -31) + -18.
12
Calculate (7 - 9) + -3 + (9 - -4) + -2.
6
What is the value of (-3 - -3 - -1) + -21 + 15 + 15?
10
What is 14 - 14 - -17 - (3 - 2)?
16
4 + 9 - 0 - 4
9
Calculate 1 + -1 - (11 + (-12 - -10 - 0)).
-9
(5 - -2) + -14 + 4 + -2
-5
What is -1592 + 1641 - (-2 + 29)?
22
Evaluate (-10 - -13) + -26 + -14.
-37
What is the value of 15 + (-8 - (18 + -19 - (3 + 0)))?
11
15 + (11 - 15) - (-6 + -2)
19
What is 7 - 0 - (167 - 153)?
-7
Evaluate 0 + (-3 - 0) + -1 + (2 - 0).
-2
What is the value of -18 + ((0 + 8 - 6) + 0 - -6)?
-10
What is (-44 + 35 - (0 + -6)) + (-4 - -20)?
13
0 + (16 - (3 - -5)) - (0 + 0)
8
Calculate 15 - 1 - (-17 - 0 - (-229 + 215)).
17
Evaluate 3 + -8 - (-14 - (26 - 32)).
3
Calculate 7 - (12 - ((-3 - -3) + 1)).
-4
What is the value of -8 - (-11 + 19 + -23 + 9 + -3)?
1
(-45 - -58) + (1 - -2 - 1)
15
-16 + -11 + -7 + -4 + 3 + 3
-32
Evaluate 371 + -368 + -16 + (0 - -2).
-11
Calculate (-4 - -3 - -2) + -27 + (3 - 5).
-28
What is (0 - (1 - -3)) + 9 - 19?
-14
Evaluate 19 - ((-5 - -13) + (-2 - -1)).
12
Evaluate (-75 - -60) + (1 - ((-3 - -4) + -2)).
-13
Calculate 10 + (3 + -4 - 9).
0
What is the value of (8 - (8 + 6)) + 14 + -5?
3
-1 + 38 - (-388 + 446)
-21
What is 17 + 9 + -22 + 3?
7
Evaluate 6 - (29 + -9 + -11).
-3
7 + (-13 + 12 - 9)
-3
What is (13 - (2 - 14)) + (9 - 12)?
22
Calculate 12 + 8 + -6 + 1.
15
Evaluate 114 + -104 - (7 - -20).
-17
What is 1 - 0 - (16 + (-8 - (-2 + -3)))?
-12
What is the value of -11 + (-9 - -8) + 8?
-4
Calculate (-58 - 21) + 33 - -33.
-13
-38 + -2 - (-40 - (-6 - 21))
-27
-1690 - -1639 - (1 - 26)
-26
Evaluate (-10 - 1) + (74 - 83) + 13 + -1.
-8
What is 10 + ((0 - 21) + 3 - -16)?
8
Calculate 2 + 2 + (48 - 28) + -13.
11
Calculate -3 + 2 - (-4 + 15).
-12
Evaluate 12 - (-3 + 6) - (-8 + 8 + 7).
2
Evaluate -1 + (16 - 27) + 8 + -1 + 1.
-4
-6 - 1 - ((37 - 74) + 42)
-12
What is 16 - (15 + 5 + -14)?
10
What is the value of -4 + -4 - (-9 - (7 + -5)) - -8?
11
Calculate (-20 - -5) + 29 - -10.
24
What is the value of (100 - 83) + (-18 - 5)?
-6
Evaluate -4 + 11 - (16 + -17 + -4).
12
Calculate -2 + -24 + (59 - 2).
31
What is 3 + (-4 - -4) - (15 + -27 - -9)?
6
30 - 10 - (5 + -1 + -4)
20
What is the value of -11 + 0 - (-15 + 25 - 18)?
-3
11 - (1 - 1) - (-1302 - -1291)
22
27 - (16 - 21 - -17)
15
What is the value of 4 - (5 - 1 - -9) - -8?
-1
What is 22 + -2 + 0 + -4 + (-3 - -2)?
15
What is the value of 8 - 17 - (-4 - (1 - -6)) - 25?
-23
What is the value of 7 - ((3 - 3 - -22) + -8)?
-7
Evaluate 3 + (-19 - 1) + -52 + 59.
-10
What is the value of 35 + -60 + -11 - -7?
-29
What is the value of 25 + -37 + 8 + (5 - (7 - 0))?
-6
20 + -15 + 1 + 12 + 4 + -6
16
What is 4 + 9 - (28 - 19)?
4
Calculate (-7 - -6 - (-10 - 1)) + -10.
0
Calculate (-30 - -25) + -2 + 7.
0
Calculate 9 - 2 - (2 + (-19 - -8)).
16
What is the value of -17 - (-3 - (0 + 16))?
2
What is -12 + 33 + -10 + -11 + -5?
-5
Evaluate -51 - (-2 - (41 + -16)).
-24
What is -23 + 81 - 64 - (0 + -7)?
1
What is 5 - (0 - -1 - 0) - (409 - 390)?
-15
What is (6 + -4 + 3 - 19) + -6 + -3?
-23
-8 + 5 - -2 - 3
-4
17 + -12 + 7 - 28 - -9
-7
What is -14 + -1 + 4 + 1 + -1?
-11
Evaluate -11 + (4 - -16) + (-7 - (-7 - 0)).
9
What is -4 + -6 + -4 + 15 + -10?
-9
6 - ((0 - (-6 + 7)) + -5)
12
Calculate -16 + (25 - 33 - (1 + -12)).
-13
What is the value of 7 + (-17 - (9 - 16)) - (0 + -1)?
-2
Evaluate 2 + 1 - (-26 + 17).
12
What is 4 + 12 + -8 + -3?
5
Evaluate (26 - (-2 - 0)) + (1503 - 1505).
26
What is the value of (-2 - (12 + -3)) + (21 - (-36 + 50))?
-4
What is the value of (-1 + 2 - -2 - 9) + (-5 - -1)?
-10
What is (5 + (3 - 12) - (0 - 1)) + 1?
-2
What is -11 - -2 - -22 - (1 - (2 - -1))?
15
Calculate 5 + (2 - (5 + 1 + 0)).
1
-13 + (-4 + -1 + 3 - 14)
-29
Evaluate 8 + (-13 + 3 - -4) + 20 + -4.
18
Calculate 8 + (158 - 165 - ((-2 - 0) + -13)).
16
0 + -1 + -13 + 2 + 33
21
What is -57 - (-62 - (-31 + 3))?
-23
11 + 4 + 11 + -33
-7
14 + (-5 - -7) + -2 - (-2 - 9)
25
Calculate (-1 - -1) + 2 + -7 + -1.
-6
What is (8 - -4) + -15 + (-3 - -3)?
-3
What is the value of -2 - (0 - 5) - (-83 - -73)?
13
Calculate -5 - (0 + -8 - (22 + -2 + 1)).
24
Evaluate 2 - (-1 - -4) - (-4 - -4).
-1
Evaluate (-2 + -16 - 1) + (-750 - -740).
-29
What is the value of 6 + -37 + 12 + 4 + -10 + 3?
-22
7 - (5 + (-4 - 7) - -2)
11
What is -20 + (3 + -14 - -15)?
-16
What is -7 + 3 + (0 + -3 - -11) - 1?
3
Calculate (-5 - (-22 + (-1 - 0))) + -2 - 7.
9
-3 + 10 + (8 - 9)
6
What is -64 + 61 - (4 - 7)?
0
What is (7 - -2) + -6 + -6 + 4?
1
What is 12 + (59 - 37 - (2 + 9) - 1)?
22
What is -3 + (0 - 0 - (-44 + 37))?
4
Calculate 46 + -23 + -43 + 4.
-16
Evaluate -12 + 21 + 3 + 7 + 4.
23
What is 18 - -6 - 22 - ((3 - 4) + 11)?
-8
Calculate 0 - (-1 - (-4 - -2)) - (-16 + 11).
4
Evaluate (2 - 1) + -19 + 17 + -2 + 2.
-1
-2 - ((13 - (-1 - 0)) + -6)
-10
What is 4 + -1 + 5 + (-2 - (-5 + 6))?
5
Calculate -4 + 1 - (4 + (9 + -12 - 3)).
-1
What is the value of 9 + (-78 - -51) + 5 + -2?
-15
-28 - ((-9 - -2) + (-14 - -14))
-21
What is (-1 + -6 - (11 + -21)) + -1 + -6?
-4
Evaluate -59 - (-40 + 0 + 8).
-27
What is 2 - (65 + -55 + (2 - (0 + -2)))?
-12
What is the value of (-14 - 1) + -6 + -14 + 24?
-11
What is the value of 21 + 7 + -9 + -5?
14
What is (19 - -1 - (170 - 171)) + -1?
20
What is 6 - -7 - (29 - 10)?
-6
Calculate (-28 - 9) + 29 + 14.
6
What is 0 + 10 + -15 - (16 + -8)?
-13
What is -21 - 1 - (-600 + 564)?
14
Calculate (11 - 6) + -3 + (-12 - (-1 - -2)).
-11
What is the value of -9 + (-24 + 4 - -29) - 39?
-39
What is -1 + 1 - (-29 + 33)?
-4
What is the value of -11 - 4 - (-33 - -17)?
1
Evaluate -4 + (0 - -7) + (-1 + 0 - 6).
-4
What is the value of -13 - (-10 + -11 - -4)?
4
What is -2 - -18 - (-9 + 3 + 5 + 4)?
13
What is the value of (-1 - (-4 - 3)) + (0 - (2 - -4))?
0
33 + (-44 + 40 - (-5 - -2))
32
Evaluate -10 - (-31 + (16 - 8) + 10).
3
Calculate -2 + -11 - (0 + -6 - 4).
-3
What is -21 + -5 + -28 + 73?
19
What is -10 - (-2 - (-6 - (2 - 8)))?
-8
What is the value of -3 + (-2 - 1) + 2 + -4 + 3?
-5
What is 1 - 12 - (59 + -67) - 7?
-10
Calculate -37 + 29 - (-1 + (-2 - -3)).
-8
What is the value of -52 + 43 - (0 - 3 - 3) - 20?
-23
What is -3 + 62 + -39 - 34?
-14
What is the value of 1 - (4 - (-16 - -28))?
9
What is the value of (14 - (4 - -8)) + -7?
-5
Evaluate -10 + (7 - -11 - 9).
-1
Evaluate -54 - -68 - (-2 + 7) - (21 - 0).
-12
Calculate 1 - (0 - 12) - (54 - 38).
-3
2 + -5 + -6 + 3 + 21 + -14
1
What is the value of -1 - 5 - (1 - (6 - 4) - 3)?
-2
-9 - (5 + (6 - (11 + -4 + 0)))
-13
Calculate (19 - (-3 - -33)) + -16 + 0 + 0.
-27
What is the value of (-7 - -4 - -20) + 25 + -35?
7
-15 + 4 + -5 + 1 + 57 + -53
-11
What is -1 + 2 + 3 + 0 + 0 + -6?
-2
Calculate -13 + (11 - (-11 + -4)) + 2.
15
What is 5 + -3 + -3 + -8 + -3?
-12
8 + (-1 - 5 - (47 + -47))
2
What is -12 + -2 - (-39 + 32 + 1)?
-8
Evaluate 1 - 40 - (248 - 273).
-14
What is 5 + 3 - (7 - 3) - 0 - -2?
6
Evaluate 5 - -5 - (23 + (14 - 27)).
0
Calculate (17 - (-6 - (-20 + 10))) + -43.
-30
Evaluate 11 - (5 + (-10 - -15) + 1 + -6).
6
Calculate -59 + -1 + 28 - -62.
30
What is (5 + 2 - 0) + (-33 - -47)?
21
What is the value of 36 + (-10 - (28 + 1))?
-3
36 + (-5 - 25) - (-1 - 6)
13
Evaluate 1 + -9 + 0 - (-3 + -1 - -18).
-22
-67 - (17 + -71) - (-1 - 35)
23
What is (-20 - (-38 + 8)) + -21?
-11
Evaluate -2 + 0 + -6 + 31 + -35.
-12
Calculate 3 + -4 + 19 - (-3 + 5 + 5).
11
-7 + 2 - ((6 - -3) + (-15 - 17))
18
Calculate -1 + (1 - ((0 - -3) + -11)).
8
What is the value of (-2 - -2) + (1 - (10 - 3 - -2))?
-8
1 + 14 + -7 + -6 + -20
-18
What is 25 - (9 + (1 - 11) - -10)?
16
(-31 - (-6 + (24 - 10))) + 10
-29
-4 + 0 - (3 + -1 + 21 + 4)
-31
What is the value of 9 + -9 + 4 + (2 - 2 - -2)?
6
Evaluate 14 - (2 - -3) - 23 - 2.
-16
What is (0 - 9) + -19 + 23?
-5
Evaluate 0 - -4 - (-13 - -3).
14
((-4 - 3) + (-2 - -8) - 6) + -3
-10
What is the value of -20 + 3 + 20 + 2?
5
12 + (13 - 9) + (-1 - 3) + 4
16
Evaluate 3 - ((12 - 12) + 13).
-10
What is the value of -72 - (-32 + -31) - (-33 - (-1 - 0))?
23
Calculate 31 + -8 + 14 + -25 - -16.
28
What is the value of 6 + (-19 - ((2 - 2) + -2 - 6))?
-5
Calculate 5 - (-2 + 8)